54208?
2
What is the tens digit of 40305955?
5
What is the hundreds digit of 35380609?
6
What is the tens digit of 34830254?
5
What is the tens digit of 37601041?
4
What is the units digit of 1841408444?
4
What is the units digit of 110323005?
5
What is the hundreds digit of 6025166372?
3
What is the units digit of 3503320?
0
What is the tens digit of 121244141?
4
What is the units digit of 176547688?
8
What is the hundred thousands digit of 1990192890?
1
What is the hundred millions digit of 386479674?
3
What is the units digit of 568928925?
5
What is the hundred thousands digit of 320946424?
9
What is the hundreds digit of 333980226?
2
What is the ten millions digit of 153023388?
5
What is the tens digit of 15348909?
0
What is the units digit of 924427858?
8
What is the thousands digit of 473144673?
4
What is the units digit of 885527?
7
What is the units digit of 42458076?
6
What is the millions digit of 21888832?
1
What is the hundred thousands digit of 256443680?
4
What is the hundred millions digit of 118499977?
1
What is the hundred thousands digit of 1242949463?
9
What is the hundreds digit of 327097859?
8
What is the units digit of 76641788?
8
What is the hundreds digit of 26382391?
3
What is the thousands digit of 1186734662?
4
What is the hundreds digit of 3623868343?
3
What is the ten thousands digit of 36004513?
0
What is the millions digit of 131631085?
1
What is the hundred thousands digit of 1151559413?
5
What is the tens digit of 1853969584?
8
What is the hundreds digit of 8868020?
0
What is the millions digit of 574941001?
4
What is the tens digit of 1483797818?
1
What is the hundred thousands digit of 9113232?
1
What is the ten millions digit of 10700293?
1
What is the millions digit of 267861364?
7
What is the tens digit of 40339148?
4
What is the tens digit of 569010?
1
What is the thousands digit of 701480068?
0
What is the units digit of 58878265?
5
What is the hundred thousands digit of 3749643401?
6
What is the units digit of 2250496095?
5
What is the thousands digit of 4012713545?
3
What is the units digit of 1069978353?
3
What is the thousands digit of 1570851315?
1
What is the millions digit of 448727731?
8
What is the units digit of 228165684?
4
What is the millions digit of 2975017472?
5
What is the hundreds digit of 6016037310?
3
What is the hundred millions digit of 141031833?
1
What is the hundred thousands digit of 5216073?
2
What is the thousands digit of 14152888?
2
What is the millions digit of 1552156991?
2
What is the hundred millions digit of 3054841190?
0
What is the millions digit of 1533389204?
3
What is the tens digit of 25807187?
8
What is the thousands digit of 4822869270?
9
What is the tens digit of 38866092?
9
What is the ten thousands digit of 1023527032?
2
What is the tens digit of 3006271?
7
What is the thousands digit of 116211032?
1
What is the units digit of 61386645?
5
What is the tens digit of 89457839?
3
What is the hundreds digit of 40738626?
6
What is the units digit of 25268274?
4
What is the hundreds digit of 341534099?
0
What is the hundred millions digit of 1909345896?
9
What is the thousands digit of 494494974?
4
What is the units digit of 1090818197?
7
What is the units digit of 2506576072?
2
What is the millions digit of 43270676?
3
What is the ten millions digit of 2466255579?
6
What is the thousands digit of 882789247?
9
What is the thousands digit of 402355064?
5
What is the ten millions digit of 70450613?
7
What is the millions digit of 64844441?
4
What is the units digit of 304486739?
9
What is the millions digit of 50770824?
0
What is the thousands digit of 1527785530?
5
What is the millions digit of 119997588?
9
What is the billions digit of 1119827628?
1
What is the ten millions digit of 226362671?
2
What is the tens digit of 1260865258?
5
What is the ten thousands digit of 76185873?
8
What is the tens digit of 94153706?
0
What is the hundreds digit of 1130361741?
7
What is the tens digit of 263379644?
4
What is the ten thousands digit of 282871972?
7
What is the hundred thousands digit of 976730585?
7
What is the hundred thousands digit of 87642812?
6
What is the ten thousands digit of 60649495?
4
What is the millions digit of 48828942?
8
What is the millions digit of 1124189491?
4
What is the billions digit of 1050387213?
1
What is the hundreds digit of 13551774?
7
What is the hundred thousands digit of 86118681?
1
What is the ten thousands digit of 397609300?
0
What is the hundred thousands digit of 30815932?
8
What is the millions digit of 51908804?
1
What is the ten millions digit of 353119073?
5
What is the tens digit of 9313013?
1
What is the tens digit of 3880618902?
0
What is the billions digit of 1630193377?
1
What is the units digit of 242597742?
2
What is the ten millions digit of 25316755?
2
What is the ten thousands digit of 290604758?
0
What is the hundreds digit of 157327871?
8
What is the thousands digit of 734888394?
8
What is the billions digit of 2028606651?
2
What is the hundreds digit of 50679071?
0
What is the tens digit of 73291516?
1
What is the millions digit of 35338793?
5
What is the ten thousands digit of 538643068?
4
What is the tens digit of 694202603?
0
What is the thousands digit of 57248874?
8
What is the hundred thousands digit of 131117979?
1
What is the millions digit of 109834366?
9
What is the ten thousands digit of 1465007?
6
What is the thousands digit of 123130183?
0
What is the ten thousands digit of 685832376?
3
What is the tens digit of 21225321?
2
What is the hundred millions digit of 1596606658?
5
What is the thousands digit of 72351667?
1
What is the ten millions digit of 2939876787?
3
What is the units digit of 49373410?
0
What is the tens digit of 113453274?
7
What is the units digit of 323098221?
1
What is the thousands digit of 6048209944?
9
What is the tens digit of 1372064885?
8
What is the tens digit of 1573965036?
3
What is the millions digit of 2610848747?
0
What is the hundred thousands digit of 45208372?
2
What is the units digit of 88082191?
1
What is the hundred millions digit of 333870936?
3
What is the ten millions digit of 110099480?
1
What is the thousands digit of 2673281647?
1
What is the hundreds digit of 1962699086?
0
What is the tens digit of 33290472?
7
What is the units digit of 1822707286?
6
What is the ten millions digit of 435971945?
3
What is the millions digit of 3312892202?
2
What is the units digit of 15460686?
6
What is the units digit of 128666500?
0
What is the ten thousands digit of 1478718492?
1
What is the ten millions digit of 29980982?
2
What is the ten millions digit of 60845207?
6
What is the thousands digit of 147903244?
3
What is the thousands digit of 14704559?
4
What is the thousands digit of 5474792398?
2
What is the millions digit of 1334494227?
4
What is the millions digit of 600841512?
0
What is the units digit of 184417117?
7
What is the hundreds digit of 4296431324?
3
What is the hundreds digit of 80393399?
3
What is the hundreds digit of 643786047?
0
What is the hundreds digit of 7513400806?
8
What is the ten thousands digit of 306119495?
1
What is the tens digit of 3170576?
7
What is the thousands digit of 23042899?
2
What is the hundred millions digit of 962270305?
9
What is the hundred thousands digit of 1521104618?
1
What is the hundreds digit of 60734256?
2
What is the thousands digit of 785600055?
0
What is the ten thousands digit of 677716011?
1
What is the thousands digit of 93728004?
8
What is the units digit of 13657299?
9
What is the tens digit of 9049923?
2
What is the thousands digit of 4796094660?
4
What is the tens digit of 156892089?
8
What is the hundred millions digit of 143331718?
1
What is the thousands digit of 430864237?
4
What is the ten thousands digit of 1596796797?
9
What is the hundred thousands digit of 1584457870?
4
What is the ten millions digit of 1781952154?
8
What is the thousands digit of 5485725900?
5
What is the thousands digit of 20841897?
1
What is the ten millions digit of 17891404?
1
What is the tens digit of 156672624?
2
What is the millions digit of 406498851?
6
What is the tens digit of 91858675?
7
What is the millions digit of 89525014?
9
What is the hundred thousands digit of 2481821912?
8
What is the hundred millions digit